
What is 3 (base 14) in base 3?
10
330 (base 5) to base 11
82
-111 (base 3) to base 7
-16
Convert -10 (base 9) to base 6.
-13
50 (base 6) to base 3
1010
What is -230 (base 4) in base 13?
-35
-161 (base 9) to base 12
-b4
What is 3a (base 13) in base 10?
49
Convert -5 (base 11) to base 3.
-12
111001 (base 2) to base 14
41
Convert 6 (base 16) to base 8.
6
What is -14 (base 12) in base 13?
-13
Convert -560 (base 7) to base 4.
-10133
Convert 3 (base 14) to base 9.
3
-101 (base 3) to base 8
-12
What is -3 (base 14) in base 9?
-3
Convert 4 (base 15) to base 2.
100
Convert -36 (base 13) to base 12.
-39
-2 (base 13) to base 15
-2
What is 17 (base 9) in base 6?
24
6 (base 14) to base 12
6
What is 3 (base 7) in base 3?
10
Convert -34 (base 10) to base 6.
-54
Convert -37 (base 12) to base 9.
-47
Convert 151 (base 7) to base 10.
85
What is 10a (base 12) in base 9?
181
What is 12220 (base 3) in base 2?
10011111
Convert 9 (base 15) to base 16.
9
214 (base 6) to base 2
1010010
1 (base 10) to base 7
1
Convert -3 (base 11) to base 12.
-3
Convert -2 (base 12) to base 15.
-2
31 (base 5) to base 9
17
What is -333 (base 4) in base 5?
-223
Convert -28 (base 13) to base 12.
-2a
Convert 110 (base 3) to base 9.
13
Convert -110201 (base 3) to base 8.
-527
3 (base 10) to base 13
3
Convert 2c (base 14) to base 11.
37
Convert 1203 (base 5) to base 12.
12a
-34 (base 9) to base 12
-27
What is 60 (base 12) in base 15?
4c
Convert 2 (base 7) to base 16.
2
-231 (base 4) to base 7
-63
What is -304 (base 5) in base 8?
-117
What is -c8 (base 14) in base 7?
-341
What is -7 (base 11) in base 16?
-7
Convert 2 (base 7) to base 14.
2
Convert -25 (base 8) to base 2.
-10101
What is 1100 (base 2) in base 8?
14
Convert 5 (base 14) to base 12.
5
What is 3 (base 8) in base 2?
11
Convert -30 (base 4) to base 13.
-c
Convert -3 (base 5) to base 9.
-3
Convert 5 (base 16) to base 14.
5
What is -12222 (base 3) in base 12?
-115
What is 75 (base 14) in base 11?
94
What is 12 (base 15) in base 16?
11
-107 (base 9) to base 6
-224
-a (base 14) to base 9
-11
What is 1 (base 13) in base 9?
1
19 (base 12) to base 7
30
What is -43 (base 9) in base 14?
-2b
2030 (base 4) to base 9
165
Convert 5 (base 10) to base 6.
5
What is -60 (base 11) in base 15?
-46
-195 (base 13) to base 3
-101210
1 (base 5) to base 11
1
What is 3 (base 15) in base 12?
3
-7 (base 16) to base 15
-7
What is -77 (base 13) in base 11?
-8a
-2 (base 16) to base 7
-2
What is c (base 16) in base 11?
11
What is -13 (base 14) in base 9?
-18
What is -11 (base 9) in base 4?
-22
Convert 11 (base 13) to base 16.
e
Convert 4 (base 11) to base 8.
4
-3 (base 4) to base 13
-3
Convert 116 (base 16) to base 6.
1142
Convert 4 (base 10) to base 14.
4
What is -33 (base 4) in base 13?
-12
Convert 1 (base 14) to base 15.
1
Convert -14 (base 6) to base 13.
-a
Convert -32 (base 6) to base 2.
-10100
What is 1c (base 15) in base 3?
1000
What is -3 (base 12) in base 3?
-10
-7 (base 8) to base 14
-7
Convert -23 (base 6) to base 14.
-11
-ab (base 14) to base 7
-304
What is -22 (base 9) in base 12?
-18
Convert 8 (base 9) to base 3.
22
What is -62 (base 11) in base 5?
-233
What is -304 (base 6) in base 7?
-220
What is -2 (base 10) in base 9?
-2
1 (base 6) to base 4
1
What is 10 (base 4) in base 7?
4
Convert 101 (base 2) to base 5.
10
-300 (base 6) to base 16
-6c
-421 (base 7) to base 15
-e1
What is 2 (base 16) in base 6?
2
What is b6 (base 12) in base 7?
255
Convert -134 (base 5) to base 4.
-230
Convert -3 (base 5) to base 9.
-3
What is 24 (base 8) in base 14?
16
What is -100 (base 3) in base 9?
-10
What is 1010011 (base 2) in base 12?
6b
Convert 4 (base 8) to base 4.
10
-2 (base 3) to base 10
-2
Convert -4 (base 9) to base 8.
-4
What is 6 (base 16) in base 13?
6
Convert 21 (base 5) to base 9.
12
What is 48 (base 15) in base 10?
68
Convert 11 (base 2) to base 8.
3
What is -12 (base 7) in base 4?
-21
Convert 6 (base 14) to base 13.
6
What is 6 (base 9) in base 6?
10
79 (base 11) to base 4
1112
What is 335 (base 8) in base 5?
1341
What is 103 (base 4) in base 12?
17
29 (base 16) to base 11
38
-4 (base 10) to base 5
-4
What is 0 (base 7) in base 4?
0
What is 643 (base 7) in base 4?
11011
What is 19 (base 13) in base 7?
31
What is 2 (base 10) in base 3?
2
-38 (base 11) to base 16
-29
Convert -4 (base 8) to base 10.
-4
-16 (base 10) to base 2
-10000
-2c (base 16) to base 9
-48
What is 3210 (base 4) in base 2?
11100100
Convert -3 (base 11) to base 13.
-3
What is 1 (base 2) in base 16?
1
-28 (base 10) to base 9
-31
What is 405 (base 6) in base 2?
10010101
5 (base 9) to base 3
12
Convert -16 (base 10) to base 8.
-20
Convert 11 (base 2) to base 8.
3
What is 21 (base 13) in base 2?
11011
What is -272 (base 8) in base 16?
-ba
What is -24 (base 8) in base 12?
-18
Convert 1111001 (base 2) to base 4.
1321
Convert 1100 (base 2) to base 12.
10
-1000101 (base 2) to base 12
-59
-342 (base 5) to base 2
-1100001
What is 532 (base 6) in base 11?
172
What is 56 (base 8) in base 13?
37
What is -55 (base 7) in base 5?
-130
Convert 20 (base 3) to base 2.
110
What is -55 (base 13) in base 2?
-1000110
What is 1100010 (base 2) in base 3?
10122
-2c (base 16) to base 3
-1122
What is 1101 (base 2) in base 6?
21
2b (base 14) to base 6
103
Convert -9 (base 15) to base 13.
-9
What is 1 (base 7) in base 13?
1
-2 (base 11) to base 10
-2
-43 (base 14) to base 8
-73
Convert -6 (base 8) to base 5.
-11
What is -3 (base 10) in base 2?
-11
-6 (base 8) to base 9
-6
What is -215 (base 8) in base 12?
-b9
Convert 17 (base 8) to base 7.
21
Convert 48 (base 16) to base 11.
66
What is 12 (base 13) in base 7?
21
What is -b (base 12) in base 10?
-11
1a (base 15) to base 10
25
What is -3 (base 5) in base 16?
-3
What is -10110 (base 2) in base 15?
-17
What is 26 (base 11) in base 4?
130
23 (base 10) to base 3
212
What is 45 (base 11) in base 10?
49
Convert 0 (base 4) to base 9.
0
Convert -25 (base 6) to base 11.
-16
What is -47 (base 10) in base 13?
-38
What is 10 (base 2) in base 4?
2
Convert -33 (base 15) to base 3.
-1210
4 (base 9) to base 11
4
What is 0 (base 9) in base 14?
0
What is -1021 (base 3) in base 13?
-28
What is 24 (base 5) in base 2?
1110
3 (base 10) to base 11
3
What is 2 (base 6) in base 10?
2
Convert e (base 15) to base 4.
32
Convert -1 (base 8) to base 3.
-1
What is -37 (base 14) in base 2?
-110001
What is 1200 (base 3) in base 4?
231
Convert 213 (base 6) to base 12.
69
Convert -11 (base 2) to base 16.
-3
What is -3 (base 4) in base 9?
-3
Convert 120 (base 5) to base 6.
55
Convert 2 (base 13) to base 9.
2
What is -5 (base 7) in base 2?
-101
Convert -12 (base 6) to base 3.
-22
60 (base 7) to base 14
30
11 (base 5) to base 2
110
What is 200 (base 5) in base 10?
50
Convert -4 (base 15) to base 4.
-10
10 (base 2) to base 11
2
-1100 (base 2) to base 10
-12
Convert 1110010 (base 2) to base 15.
79
What is -3 (base 7) in base 11?
-3
Convert -112 (base 12) to base 13.
-c2
Convert 20 (base 5) to base 2.
1010
-261 (base 7) to base 13
-ab
0 (base 13) to base 4
0
What is -110 (base 2) in base 8?
-6
Convert -18 (base 12) to base 9.
-22
What is 1 (base 9) in base 15?
1
What is -136 (base 11) in base 5?
-1120
Convert 4 (base 15) to base 6.
4
Convert -1 (base 10) to base 12.
-1
Convert 14 (base 7) to base 12.
b
What is 6 (base 15) in base 12?
6
Convert 1 (base 11) to base 15.
1
Convert 100 (base 4) to base 2.
10000
Convert -4c (base 15) to base 11.
-66
Convert -1 (base 4) to base 8.
-1
0 (base 8) to base 6
0
What is -16 (base 13) in base 4?
-103
Convert 4 (base 16) to base 5.
4
What is 31 (base 16) in base 11?
45
What is 4 (base 9) in base 13?
4
-4 (base 14) to base 10
-4
Convert 3 (base 12) to base 7.
3
What is 1412 (base 5) in base 6?
1024
-222 (base 7) to base 11
-a4
332 (base 4) to base 12
52
Convert -10 (base 3) to base 11.
-3
4 (base 7) to base 15
4
Convert 11 (base 2) to base 13.
3
78 (base 10) to base 3
2220
Convert 252 (base 7) to base 8.
207
0 (base 15) to base 2
0
What is -4 (base 7) in base 4?
-10
Convert -30 (base 10) to base 12.
-26
What is -8 (base 14) in base 6?
-12
Convert 40 (base 15) to base 12.
50
Convert 20 (base 3) to base 14.
6
0 (base 7) to base 16
0
20 (base 14) to base 11
26
What is -11 (base 3) in base 15?
-4
Convert -37 (base 10) to base 7.
-52
What is 3 (base 6) in base 2?
11
169 (base 